ions digit of 8791049?
8
What is the thousands digit of 33755111?
5
What is the units digit of 925406128?
8
What is the ten millions digit of 17943041?
1
What is the ten thousands digit of 1960008994?
0
What is the millions digit of 88131155?
8
What is the hundred thousands digit of 75213961?
2
What is the ten thousands digit of 146847345?
4
What is the hundreds digit of 993095014?
0
What is the ten thousands digit of 4298398?
9
What is the billions digit of 1241223225?
1
What is the ten thousands digit of 672878721?
7
What is the billions digit of 2372611654?
2
What is the millions digit of 517184522?
7
What is the hundreds digit of 462052879?
8
What is the hundreds digit of 2023164507?
5
What is the ten millions digit of 21769404?
2
What is the ten thousands digit of 279422171?
2
What is the hundred thousands digit of 3440988872?
9
What is the hundreds digit of 1493169?
1
What is the hundred millions digit of 3947322051?
9
What is the ten thousands digit of 118634523?
3
What is the hundred thousands digit of 3424723492?
7
What is the tens digit of 91392027?
2
What is the ten millions digit of 21258480?
2
What is the ten millions digit of 1030245395?
3
What is the thousands digit of 98393090?
3
What is the tens digit of 1106138223?
2
What is the units digit of 3374193891?
1
What is the hundred thousands digit of 1643096345?
0
What is the hundred thousands digit of 106857422?
8
What is the ten thousands digit of 9183945?
8
What is the ten thousands digit of 965114483?
1
What is the hundreds digit of 29401609?
6
What is the thousands digit of 283052369?
2
What is the units digit of 41533363?
3
What is the hundreds digit of 119051067?
0
What is the units digit of 62992387?
7
What is the units digit of 109191860?
0
What is the hundreds digit of 4305353166?
1
What is the hundred millions digit of 631180505?
6
What is the billions digit of 1092774646?
1
What is the thousands digit of 151519674?
9
What is the tens digit of 216133141?
4
What is the hundred thousands digit of 62919631?
9
What is the ten millions digit of 74898984?
7
What is the millions digit of 29802042?
9
What is the millions digit of 45734295?
5
What is the hundreds digit of 560277803?
8
What is the thousands digit of 10985570?
5
What is the tens digit of 61957513?
1
What is the hundred thousands digit of 85682359?
6
What is the thousands digit of 115666667?
6
What is the thousands digit of 119358308?
8
What is the units digit of 67677473?
3
What is the ten thousands digit of 4458782805?
8
What is the units digit of 32364796?
6
What is the tens digit of 237136097?
9
What is the hundreds digit of 1175539349?
3
What is the units digit of 20769442?
2
What is the hundreds digit of 65242965?
9
What is the millions digit of 1234172425?
4
What is the thousands digit of 478893056?
3
What is the thousands digit of 164520748?
0
What is the millions digit of 3518268?
3
What is the ten thousands digit of 337986381?
8
What is the units digit of 74718078?
8
What is the ten millions digit of 550894864?
5
What is the ten thousands digit of 666100694?
0
What is the tens digit of 774534042?
4
What is the millions digit of 48627821?
8
What is the hundred thousands digit of 710219751?
2
What is the thousands digit of 24304216?
4
What is the hundreds digit of 53123580?
5
What is the units digit of 4181748172?
2
What is the millions digit of 71344637?
1
What is the billions digit of 5129390815?
5
What is the tens digit of 71050030?
3
What is the millions digit of 8210891?
8
What is the hundred millions digit of 490805046?
4
What is the millions digit of 468272897?
8
What is the units digit of 382444680?
0
What is the units digit of 320885712?
2
What is the ten thousands digit of 9525706?
2
What is the ten millions digit of 190732324?
9
What is the millions digit of 654375647?
4
What is the hundreds digit of 629682240?
2
What is the thousands digit of 210845265?
5
What is the units digit of 400737342?
2
What is the ten thousands digit of 27560442?
6
What is the tens digit of 1943247122?
2
What is the thousands digit of 621056759?
6
What is the ten thousands digit of 78280342?
8
What is the millions digit of 3890566293?
0
What is the ten millions digit of 29314206?
2
What is the hundred thousands digit of 10597286?
5
What is the thousands digit of 148629133?
9
What is the ten thousands digit of 937393973?
9
What is the millions digit of 1818283046?
8
What is the hundred thousands digit of 101325904?
3
What is the tens digit of 30068628?
2
What is the hundred thousands digit of 2371198252?
1
What is the hundreds digit of 8293505?
5
What is the ten thousands digit of 152157379?
5
What is the ten thousands digit of 815631898?
3
What is the millions digit of 49346530?
9
What is the ten thousands digit of 83885429?
8
What is the hundred millions digit of 3013785891?
0
What is the tens digit of 121673810?
1
What is the billions digit of 1165079093?
1
What is the ten thousands digit of 76427967?
2
What is the tens digit of 2070338941?
4
What is the hundred thousands digit of 13415448?
4
What is the hundred millions digit of 555611966?
5
What is the thousands digit of 14130591?
0
What is the thousands digit of 808377697?
7
What is the ten millions digit of 373427844?
7
What is the thousands digit of 1515327224?
7
What is the ten thousands digit of 1564547?
6
What is the millions digit of 18164299?
8
What is the units digit of 1011995404?
4
What is the thousands digit of 240753905?
3
What is the ten millions digit of 516946898?
1
What is the ten millions digit of 338574908?
3
What is the hundreds digit of 106763297?
2
What is the hundred thousands digit of 31238091?
2
What is the thousands digit of 96558309?
8
What is the hundred millions digit of 1601311075?
6
What is the ten thousands digit of 631022772?
2
What is the billions digit of 2001861628?
2
What is the hundreds digit of 117424016?
0
What is the billions digit of 3339203252?
3
What is the hundred millions digit of 273035591?
2
What is the hundred millions digit of 388951270?
3
What is the units digit of 2894622689?
9
What is the hundred millions digit of 151950544?
1
What is the units digit of 8126938837?
7
What is the hundreds digit of 1969687?
6
What is the tens digit of 510324046?
4
What is the hundreds digit of 20612598?
5
What is the ten thousands digit of 464340946?
4
What is the tens digit of 3495099677?
7
What is the thousands digit of 38975284?
5
What is the hundreds digit of 2133811486?
4
What is the hundreds digit of 6427813?
8
What is the ten millions digit of 19859163?
1
What is the hundred millions digit of 1956191038?
9
What is the tens digit of 73233118?
1
What is the hundred thousands digit of 3745227518?
2
What is the hundred thousands digit of 23500051?
5
What is the ten millions digit of 96507493?
9
What is the thousands digit of 753316865?
6
What is the ten millions digit of 42339939?
4
What is the ten thousands digit of 15134574?
3
What is the hundred thousands digit of 9709301?
7
What is the millions digit of 2709203706?
9
What is the hundred thousands digit of 6742414926?
4
What is the units digit of 1187758384?
4
What is the ten millions digit of 389290329?
8
What is the ten thousands digit of 112671407?
7
What is the hundred millions digit of 262619894?
2
What is the billions digit of 1724632662?
1
What is the ten thousands digit of 322346485?
4
What is the hundreds digit of 51873579?
5
What is the ten millions digit of 2410045351?
1
What is the thousands digit of 4656855512?
5
What is the units digit of 44178768?
8
What is the thousands digit of 2029218870?
8
What is the ten millions digit of 205376382?
0
What is the ten thousands digit of 354356942?
5
What is the thousands digit of 26530986?
0
What is the ten thousands digit of 1781483836?
8
What is the hundred millions digit of 218597385?
2
What is the hundred millions digit of 2942789975?
9
What is the ten thousands digit of 89234591?
3
What is the hundred millions digit of 857429569?
8
What is the ten millions digit of 1848683423?
4
What is the hundred millions digit of 550349135?
5
What is the ten millions digit of 21690941?
2
What is the hundred thousands digit of 118789019?
7
What is the ten thousands digit of 157197422?
9
What is the ten thousands digit of 21138951